x + 54. Let c(d) be the first derivative of -d**3/3 + 3*d**2 + 5*d + 3. Give c(x).
-11
Let k(w) be the third derivative of 7*w**4/24 - 17*w**3 - 1391*w**2. Calculate k(14).
-4
Let b(m) = m**3 - 3*m**2 - 9*m. Suppose 0 = 8*j - 162*j + 11*j + 572. What is b(j)?
-20
Let i = 356 + 88. Let r = 438 - i. Let b(f) = -f**2 + 3 + 2 + 4*f - 6*f. Determine b(r).
-19
Let d(q) be the third derivative of 1/2*q**3 - 1/8*q**4 + 1/30*q**5 + 0*q - 102*q**2 + 0. Calculate d(3).
12
Let s be (-6)/(126/35) + 70/6. Let h(z) = -z - 9. Calculate h(s).
-19
Let j(h) = 11*h + 2 + 3*h - 8*h - 12*h + 4*h. Determine j(8).
-14
Let c(g) = 3*g**2 + 213*g - 1133. Let t be c(-76). Let h(s) be the first derivative of s**4/4 - 2*s**3 - 7*s**2/2 + 3*s - 1. Determine h(t).
3
Let a(v) be the third derivative of -v**5/12 - v**4/24 + 7*v**3/6 + v**2 + 66. What is a(3)?
-41
Let x be 1/(81/54*(-2)/(-6)). Let b(t) = 0*t**x - 1455 + 11*t + 1460 + 0*t + t**2. What is b(-11)?
5
Let i = 88 - 86. Let l be (-2 + 2)/((1 - 1) + i). Let d be 2/(-2) - (-6 - -7) - l. Let s(u) = u + 2. Give s(d).
0
Suppose -70*l - 276 = -93*l. Let p(t) = t**2 - 9*t + 12. What is p(l)?
48
Let b(y) = y**3 - 7*y**2 + 3*y. Suppose 10*q = -14*q. Suppose 4*x = 3*d + 10, 5*x - 4*d = -q*x + 12. Give b(x).
-36
Let q(s) = -2*s**2 - 42*s - 90. Let b be q(-18). Suppose -4*z - b - 14 = -5*n, -4*z - 16 = -n. Let m(f) = 2*f**2 - 3*f - 5. What is m(n)?
15
Suppose a = -5*b + 20, a - 3*b + 12 = 5*a. Suppose 0 = 4*t - p + 20, 4*t + 3*p + 47 - 27 = a. Let z(c) = 4*c + 4. Determine z(t).
-16
Let l(y) = -y**3 - 3*y**2 + 6*y + 6. Let o = 67 - 47. Suppose -6*t + t - 5*j = 5, -o = 5*j. Suppose -6 = -t*d - 18. Give l(d).
-2
Let l = -2697/220 + 688/55. Let g(n) be the third derivative of l*n**4 + 1/60*n**5 + 0*n + 1/6*n**3 - 3*n**2 - 4. What is g(-4)?
-7
Let q(r) be the second derivative of -r**4/12 + 4*r**3/3 - 4*r**2 + 1113*r. Calculate q(8).
-8
Suppose -3*u - 3*d = -26 - 46, -3*u = -5*d - 72. Suppose 9 = -5*h + u. Let c(g) = -5 + 4 + 2 + g - 7. Calculate c(h).
-3
Let v(a) = 7*a**2 + a + 2. Let u(z) = -20*z**2 - z - 7. Let q(h) = u(h) + 3*v(h). What is q(-1)?
-2
Let d(h) = -500*h**3 - 2 + 2*h + 503*h**3 + h**2 - 4*h - 2. Determine d(-3).
-70
Let d(z) = -2*z + 1. Suppose -4*y + m = 2*m - 28, -2*y - 2*m + 8 = 0. Suppose 34*p - 104 = y*p. What is d(p)?
-7
Suppose -40 = 6*y - 11*y. Let m(f) be the third derivative of f**5/60 - f**4/2 + 14*f**3/3 - 402*f**2 - 4. Give m(y).
-4
Let f = 246 - -165. Let h = f + -415. Let p(g) = g**3 + 5*g**2 - 2*g - 1. What is p(h)?
23
Let k be 30/(-1) + -2 + (6 - 8). Let g = -39 - k. Let n(v) = -v**2 - 5*v + 3. What is n(g)?
3
Suppose 0 = -5*y - 31 + 96. Let v(x) = 17*x**2 - 9*x**2 - 12 + 0*x**2 + y. Determine v(-1).
9
Let b(w) = -9 - 13 - 119*w**2 + 24*w**2 + 11*w + 26*w**2 + 68*w**2. Calculate b(12).
-34
Let z(p) = 2*p**2 + 90152 + 3*p**2 + 9*p - 90169 - p**3. Give z(6).
1
Let d(j) = 11*j**2 - 32*j + 23. Let n be (-1*2 + 3)*(27 + -16). Let s(m) = -n*m + 8 + 3 + 4*m**2 + 5 - 8. Let u(o) = -3*d(o) + 8*s(o). Calculate u(7).
2
Let z(v) be the second derivative of v**5/20 + 2*v**4/3 + 5*v**3/3 + 7*v**2/2 - 931*v + 2. Give z(-7).
-14
Let s(r) be the first derivative of -7*r + 14/3*r**3 - 13/2*r**2 - 1/4*r**4 - 80. Give s(13).
-7
Let c(s) be the third derivative of s**5/60 - s**4/24 + 31*s**3/3 - 121*s**2 - 2. Calculate c(0).
62
Let r = 9577 + -9561. Let t(y) = -y**3 + 17*y**2 - 6*y - 165. Calculate t(r).
-5
Let r(k) = k**3 - 20*k**2 - 22*k + 24. Let b be r(21). Let f(a) = 5 + b*a - 2*a + 5 - 3. Give f(-6).
1
Let g(b) = 23*b**2. Suppose -554 + 527 = 27*y. Determine g(y).
23
Let l(s) = 2*s**2 - 10*s - 26. Let r = -4149 + 4156. What is l(r)?
2
Let r(l) = l**2 + 11*l + 7. Let a = -9 - -130. Suppose 8*f - a = 19*f. Give r(f).
7
Let q(s) = -1 + 0*s + 2*s**2 - s**2 - 4*s + 0*s. Suppose 4*y + 228 = 54*y + 7*y. What is q(y)?
-1
Let s(y) be the second derivative of 5/6*y**3 + 0 + 58*y + 1/12*y**4 - 7/2*y**2. Determine s(-7).
7
Let f(t) = 9*t**3 - 3*t**2 - 51*t - 25. Let w(c) = 5*c**3 - 2*c**2 - 29*c - 12. Let q(x) = 4*f(x) - 7*w(x). Calculate q(0).
-16
Let s(r) = -r**2 + 1. Let l(c) = 4*c**3 + 2*c - 1. Let i(g) = -l(g) + s(g). Let h be (-4)/1 - (396 - 401). Determine i(h).
-5
Let a(j) = 10*j - 29 - 6 - 252*j**2 + 239*j**2 + 19*j. Let n(u) = -3*u**2 + 7*u - 8. Let r(i) = 2*a(i) - 9*n(i). Let k(h) = -h + 9. Let s be k(4). Give r(s).
2
Let h be 99/12 - 1/4. Let v(t) = -h*t + 6*t - 1 - 16*t**2 + 2*t. Let l(j) = -j - 3. Let i be l(-4). What is v(i)?
-17
Let z(b) be the first derivative of 11*b**2 - 5*b - 110. Let i(t) = 52*t - 12. Let k(w) = 5*i(w) - 12*z(w). Calculate k(-4).
16
Let c(p) = -p**2 + 206 - 877 + 216 + 215 + 227 - 17*p. Suppose 5*a = -43 - 37. Give c(a).
3
Let h(l) = l**2 + l + 4. Let w be h(0). Let u = 9 - w. Let x(q) be the third derivative of q**6/120 - q**5/10 + q**4/4 + q**3/6 + q**2 + 132*q - 2. Give x(u).
6
Suppose -8 = -74207*b + 74211*b. Let h(i) = -10*i - 4. Let x(l) = -69*l - 27. Let m(f) = -27*h(f) + 4*x(f). What is m(b)?
12
Let r(o) = 34 - o - 11 - 9 - 12. Suppose 13*d - 3 = 15*d + 3*a, -2*d - 2*a = 2. Determine r(d).
2
Let f(u) = 5*u**3 + 98*u**2 - 42*u - 50. Let y be f(-20). Let a(t) = -t**2 - 7*t + 19. Give a(y).
-11
Let y(o) = -37*o**2 + 3*o + 28. Let w(t) = -67*t**2 + 6*t + 50. Let d(z) = 5*w(z) - 9*y(z). Calculate d(-1).
-7
Let c(x) = -x**2 - 22*x - 115. Let s be c(-10). Suppose 5*z + 4*t + 38 = 0, -6*t = -s*z - 4*t - 26. Let u(v) = -4*v. Calculate u(z).
24
Suppose 4*v - 13*v + 27 = 0. Suppose -4*x = 4*z - 16, 4*z = -z + v*x - 20. Let h(u) = -u - 2. Calculate h(z).
-1
Let o(b) = 5*b - 53. Let l be 60/6 + (14 + -9 - 5). Calculate o(l).
-3
Let c(w) = -w**3 - w**2 - 2*w - 1. Let v be 270/(-15) - (-51)/3. What is c(v)?
1
Suppose 0 = -138*l + 121*l - 51. Suppose -5*z = 2*a - 3, -2*a + 0 + 1 = 3*z. Let v(y) = -7 - 6*y + 4 - z. Determine v(l).
14
Suppose 6 = -r + 8. Suppose q = -r + 5. Let w(h) = -7*h - 8*h**2 + 107*h**3 - 52*h**q - 56*h**3. Calculate w(-7).
0
Suppose a = -2*a - k + 30, -a = -5*k - 26. Let x(q) = -q**3 + 12*q**2 - 10*q - 10. Determine x(a).
1
Let r(b) = 2*b**3 - 20*b**2 + 1. Let y(p) = -25*p + 210. Let u be y(8). Let d be r(u). Let k(c) = -3*c**2 + c. Determine k(d).
-2
Suppose 0 = 8*x - 89 + 169. Let k(c) be the third derivative of c**6/120 + 11*c**5/60 + 11*c**4/24 + 5*c**3/2 + 17*c**2. Give k(x).
5
Let d be 132/10 - (-152)/190. Let q(u) = 18*u**2 - 19*u**2 + 12*u + d - 20. Determine q(7).
29
Let d(c) = 4*c**2 - 1. Let v(s) = -s**3 - 2*s**2 + 3*s + 351. Let y be v(0). Let k = y - 352. Determine d(k).
3
Let n(s) be the second derivative of -17*s**4/12 + s**3/2 + s**2 + 1779*s. What is n(-1)?
-18
Suppose -17*a + 125 = -42*a. Let g(f) = -f + 6. Let k(p) = p - 12. Let c(b) = a*g(b) - 2*k(b). What is c(10)?
24
Let x(r) = 5*r - 10. Let s(p) = -22*p + 40. Let k(f) = 2*f**2 - 29*f + 37. Let t be k(13). Let h(g) = t*s(g) - 9*x(g). Calculate h(-7).
17
Let k(t) = -3*t**3 - 14*t**2 - 8*t + 2. Let w(n) = 203*n + 199. Let c be w(-1). Determine k(c).
2
Let g(r) = -5*r + 7. Let t(m) = -4*m + 6. Let w(v) = 3*g(v) - 4*t(v). Let o(k) = -5*k**2 - 276*k + 3957. Let q be o(-67). Determine w(q).
1
Let p(v) be the second derivative of -1/3*v**3 - 7/2*v**2 - 181*v - 1/12*v**4 + 0. Give p(-5).
-22
Let p(j) be the third derivative of j**5/60 + j**4/6 + 2*j**3/3 - 24*j**2. Let h be (6/(-3))/2 - 1. Let v be p(h). Let f(l) = -l + 5. What is f(v)?
5
Let n be ((-190)/171)/(4/(-18)). Let p(i) = -i**3 + 4*i**2 - 6*i + 2. Give p(n).
-53
Let i(s) = 7 - 23*s + 26*s**3 - 25*s**3 - 26*s - 6*s**2 - 11 + 11*s. Give i(10).
16
Let d be 12/(-6) + (0 - -4). Let w(o) = o**3 - 4*o**2 + 2*o + 1. Let z be w(d). Let x(p) = -10*p - 7. Let g(y) = 7*y + 5. Let v(j) = 7*g(j) + 5*x(j). Give v(z).
3
Let w(p) = -15*p - 53 + 11 + 18*p. Let v be w(15). Suppose -3*r + q + 20 = 0, -2*r - 5*q + 20 = v*r. Let g(u) = -u**3 + 7*u**2 - 5*u - 6. What is g(r)?
0
Let y(d) be the second derivative of d**5/20 + 5*d**4/6 + 11*d**3/3 + 3*d**2/2 - 1065*d. Calculate y(-7).
-4
Suppose -3*j - 3 = 0, 75*j - 77*j = -4*b - 22. Let x(n) = 0*n + 13 - n + 4*n. Let k be x(b). Let c(h) = -h**3 - 5*h**2 + h + 6. Determine c(k).
1
Let l(i) = 2*i**2 + 4*i + 3. Let c be -3 - (6/3 - -15). Let k be 83/9 + c/90. Suppose k = 2*a - 5*a. Give l(a).
9
Let t be (2236/(-78) - -26)/(8